e prime factors of k?
2
Let w be 4/(-4) - (-7 + 0). Let p = w + -3. Suppose -3*c - f = c - 17, 12 = -c + p*f. List the prime factors of c.
3
Let y be 2 + 0 + (0 - 322). List the prime factors of (-2)/(-3) + y/(-15).
2, 11
Let f = 0 + 10. Suppose -50 = -f*n + 5*n. What are the prime factors of n?
2, 5
Suppose 0*l = 5*l - 15. Suppose 0 = -h - l + 6. What are the prime factors of h?
3
Suppose 5*j + 19 = 4*g, -2*g + 4*j - 2*j = -12. List the prime factors of g.
11
Let z(i) = i + 45. List the prime factors of z(8).
53
Suppose -4*c = -5*q + 13, -4*q + 15 = -q. Suppose -m + 6*m + 4*d - 116 = 0, -c*m = 2*d - 70. What are the prime factors of m?
2, 3
Let k = -2 - -6. Suppose b + 21 = 5*o, -3*o + k*b - 8 = -6*o. List the prime factors of o.
2
Suppose 2*x + 15 + 19 = 0. Let s = -12 - x. List the prime factors of s.
5
Suppose 2*v - 2 - 4 = -4*b, 0 = -v - 5. Suppose b*w - 3*s + 20 = 5, w + s = -2. List the prime factors of ((-3)/3)/(w/15).
5
Let t = 29 + 22. Let x = -21 + t. What are the prime factors of x?
2, 3, 5
Let g = -11 - -17. Let u(a) = -g*a + 2 + a**3 - 2*a**2 - 8 + 5*a**2. What are the prime factors of u(-4)?
2
Let z(j) = -j**2 + 6*j - 4. Let n be z(4). Suppose n*x = 2*x + 10. List the prime factors of x.
5
List the prime factors of (132/(-15) + (2 - 1))*-5.
3, 13
Let y = 93 - 55. List the prime factors of y.
2, 19
Suppose 0 = 3*b - 5*b + 878. Suppose 3*u + 2*d = -b, -227 = u - 4*d - 76. List the prime factors of u/(-12) - (-2)/(-8).
2, 3
Suppose 2 = j - 1. What are the prime factors of j?
3
Suppose -2*j + 130 = 2*s, -4*s + 130 = -j - 110. Suppose -2*x - 26 = -q, 0*q - 5*x + s = q. List the prime factors of q.
2, 3
Let l be 0 - (5 + -1)/(-2). Suppose -2*v + 37 = -0*s + 5*s, l*v = 5*s + 7. List the prime factors of v.
11
Let w(z) = 7 - 2 + 2*z**2 + z + 6*z. List the prime factors of w(-4).
3
Suppose -s + 0*s - o + 11 = 0, -23 = -s + 5*o. Suppose -3*n + 3*r - 1 = -2*r, -n - 5*r = -s. List the prime factors of n.
3
Let z = 102 - 42. Let k = -12 + z. List the prime factors of k.
2, 3
Suppose 0 = -h + 37 + 2. Let k = h - 20. What are the prime factors of k?
19
Suppose 0 = -i - 3*i + 80. List the prime factors of i.
2, 5
Let g(n) = -5*n - 1. Let m be g(1). List the prime factors of (9/m)/(2/(-12)).
3
Let q(b) be the first derivative of -2*b + 2 + 2/3*b**3 + 1/2*b**2. List the prime factors of q(-2).
2
Suppose 0 = -i + 5*t - 3*t + 9, 29 = 5*i - 2*t. Suppose w = -3*w - 3*r + 39, 39 = 2*w - i*r. What are the prime factors of w?
2, 3
Suppose 8 = 2*i, -3*i = -c + 5*c - 160. List the prime factors of c.
37
Let r be (-6)/((60/16)/5). Let q = r + 25. List the prime factors of q.
17
Let o = 63 - 17. What are the prime factors of o?
2, 23
Let d = 42 + -1. What are the prime factors of d?
41
Let w be 1/((-102)/33 + 3). What are the prime factors of w*(-4 + (0 - -3))?
11
Suppose u - 2 = 2*a, 4*a - 17 = -a - 3*u. Let z = a - -2. What are the prime factors of z?
3
Suppose 2*r - 2*f - 4 = -2*r, -4*f = -4*r + 12. Let m(c) = -c**2 - 9*c - 2. Let g(s) = s. Let h(j) = r*m(j) - 6*g(j). List the prime factors of h(-4).
2, 3
Suppose 0 = -n + 4*n. Suppose 2*g - 3 - 1 = n. What are the prime factors of g?
2
Suppose 117 = 3*y - 33. What are the prime factors of y?
2, 5
Suppose s - 2 = -8. Let g(z) = z**2 + 4*z - 2. Let k be g(s). List the prime factors of (-4)/k + 104/10.
2, 5
Suppose 17 - 2 = 3*g. Let j(d) = 2*d**2 - 6*d + 6. What are the prime factors of j(g)?
2, 13
Suppose -25 = -5*u - x, 7 = u + u + x. Let z = u + -2. What are the prime factors of z*(-2 + (-14)/(-4))?
2, 3
Let u(b) = -4*b**2 - 1. Let x be u(-1). Let i(w) = w**3 + 6*w**2 + 3*w + 7. List the prime factors of i(x).
17
Let g be 54/15 + 2/5. Suppose -70 = -4*k - 14. Suppose 0 = -g*o - k + 58. List the prime factors of o.
11
Let x(l) = -7*l**2 - l. Let h be x(-1). Let c = h + 0. Let s(d) = -2*d - 8. What are the prime factors of s(c)?
2
Suppose 5*t + 3*m = 88 - 36, -5*m = -5*t + 20. Let o = t - 6. What are the prime factors of o?
2
Let a = 0 + -56. What are the prime factors of 714/a*16/(-6)?
2, 17
Suppose 273 = 4*n - b, -5*n + 6*b - 2*b + 355 = 0. What are the prime factors of n?
67
Let z = -21 - -40. What are the prime factors of z?
19
Let q(s) = 2*s - 7. Let v be q(6). Suppose v*t - 125 = 65. Suppose 0 = 2*h + r - 9 - 6, 2*r = -5*h + t. What are the prime factors of h?
2
What are the prime factors of (-823)/(-5) + (-1)/((-30)/12)?
3, 5, 11
Suppose 0*c = c. Suppose -r + 15 - 1 = c. List the prime factors of r.
2, 7
Let r = -1 + -1. What are the prime factors of ((-3)/4)/(r/56)?
3, 7
Let c be 2/9 - (-75)/27. Suppose -c*p = -p - 48. Let b = 37 - p. List the prime factors of b.
13
Let z be (-1)/(156/(-160) + 1). Let t = z + 75. What are the prime factors of t?
5, 7
Let f(k) = 3 - 5 - 3*k - 1 - 4. What are the prime factors of f(-5)?
2
Suppose 2*t + 31 = -5*v, -3*v - 27 = -t + 5*t. Let j be (-2)/(-4) + t/(-2). Suppose 3*s - 16 = -j*w + 23, 0 = 3*s - 5*w - 18. List the prime factors of s.
11
Let l(n) = n**3 - 2*n**2 - 6*n + 5. Let s(r) = r**3 - 3*r**2 - 7*r + 6. Let y(q) = -4*l(q) + 3*s(q). Let c be (3 + -5)*6/4. List the prime factors of y(c).
7
Let y be (-1)/((2 - 3)/(-11)). Let i(j) = j**3 + 11*j**2 - 2*j - 9. Let u be i(y). Let p = 5 + u. What are the prime factors of p?
2, 3
Let p(h) = h**3 - 2*h**2 + 2*h - 1. Let z be p(1). Suppose z = -4*o + 9*o - 70. List the prime factors of o.
2, 7
Let v(f) = 2*f**2 - 2*f - 2. Let t = -1 + 4. Let d be v(t). Suppose 0 = a, -3*a + d = y + 2*a. What are the prime factors of y?
2, 5
Suppose 0 = -3*v + 117 - 15. List the prime factors of v.
2, 17
Suppose -4*u + 50 = -2*m, -3*m - 40 = -2*u - 13. What are the prime factors of u?
2, 3
Suppose 40 = -7*d + 3*d. Let m be d*7/((-35)/6). List the prime factors of (-3)/12 + 63/m.
5
Let w(q) = -q**2 - 6*q + 4. Let m be w(-5). List the prime factors of 4/18 + 106/m.
2, 3
Let s(l) = -l**2 + 8*l - 9. Let u be s(8). What are the prime factors of -2 + 5 - (u + 1)?
11
Let p(t) = 132*t**2 - t + 1. List the prime factors of p(1).
2, 3, 11
Let a = -10 - -182. What are the prime factors of a?
2, 43
Let v(r) = -r**2 + 19*r - 8. Let o be v(10). List the prime factors of o/10 + 9/(-45).
2
Let d(q) = -q + 5. Let b be d(5). Let j(z) = z + 25. Let h be j(b). Suppose -4*v + 18 = 3*c, 3*c + 5*v = h - 4. What are the prime factors of c?
2
Suppose 15 = 3*v - 0*v. Suppose 0*l + l = v*p + 8, 3*l = -5*p + 104. Suppose 0 = 5*h - 32 - l. What are the prime factors of h?
2, 3
Let r = -6 + 10. Suppose -r*d = d - 85. What are the prime factors of d?
17
Let o = -62 - -17. Let m = o + 86. What are the prime factors of m?
41
Let u(c) = c**3 + c**2 - 3*c + 1. Let v(r) = -4*r. Let w be v(-1). Suppose w*q - 8 = -0. What are the prime factors of u(q)?
7
Let c be (-2)/2 + -913 - -2. List the prime factors of (-2)/(-7) - c/42.
2, 11
Let l(m) be the second derivative of -m**5/20 - 5*m**4/6 - 4*m**3/3 + 11*m**2/2 - m. Let w(p) = -p**2 - 4*p - 4. Let i be w(-5). List the prime factors of l(i).
2
Let t = -13 - -9. Let i be (-5)/((-10)/t)*-1. Let n = 7 - i. What are the prime factors of n?
5
Let w(g) = -g**2 - 6*g - 2. Let b be w(-4). Suppose 0 = -2*t, -5*t + b = 4*n - n. Suppose n*f + 2*r + r = 18, -9 = -f + 5*r. List the prime factors of f.
3
Let k(d) = -d**2 + 6*d - 6. Let w be k(5). Let y(m) be the second derivative of -2*m**5/5 + m**3/6 - m. List the prime factors of y(w).
7
Let d(o) = o. Let y(c) = -12*c + 3. Let f(h) = -4*d(h) - y(h). What are the prime factors of f(3)?
3, 7
Let w be 10/(-15)*(-129)/2. Let t = w + 20. Suppose 4*v = 3*i + t, 2*v - i - 39 = 2*i. What are the prime factors of v?
2, 3
Let b be 4/(-18) + 14/63. Suppose -2*d + 78 + b = 0. What are the prime factors of d?
3, 13
Let y(z) = -z**3 + z**2 + z + 4. What are the prime factors of y(0)?
2
Let s = -10 + 14. Let b = -8 + s. Let l(t) = -t**2 - 4*t + 2. What are the prime factors of l(b)?
2
Let c(i) = -i**2 + 10*i + 3. Suppose 4*q - 3 = 5. Suppose -5*k + 27 = -q*k. What are the prime factors of c(k)?
2, 3
Suppose 4*c + 5*t = 125, 0*t = -3*c + t + 89. List the prime factors of c.
2, 3, 5
Suppose 5 = -5*q - 2*u - 3*u, 0 = 4*q - 5*u - 32. Suppose -h - 15 = -q*h - 3*d, 4*h - 2*d - 70 = 0. List the prime factors of h.
3, 5
Suppose -13*l + 10*l = -237. What are the prime factors of l?
79
Let l be (3 + -1)*5